factors of 78249?
3, 26083
List the prime factors of 423.
3, 47
What are the prime factors of 656?
2, 41
List the prime factors of 12094.
2, 6047
List the prime factors of 20817.
3, 257
What are the prime factors of 15679?
15679
What are the prime factors of 784?
2, 7
List the prime factors of 4017.
3, 13, 103
What are the prime factors of 2141?
2141
What are the prime factors of 528?
2, 3, 11
What are the prime factors of 795?
3, 5, 53
What are the prime factors of 1186?
2, 593
List the prime factors of 16548.
2, 3, 7, 197
List the prime factors of 1462.
2, 17, 43
What are the prime factors of 1254?
2, 3, 11, 19
What are the prime factors of 119846?
2, 31, 1933
What are the prime factors of 4548?
2, 3, 379
What are the prime factors of 3338?
2, 1669
What are the prime factors of 1328?
2, 83
List the prime factors of 5606.
2, 2803
List the prime factors of 34907.
67, 521
List the prime factors of 4860.
2, 3, 5
What are the prime factors of 3379?
31, 109
What are the prime factors of 155005?
5, 29, 1069
List the prime factors of 6907.
6907
What are the prime factors of 96?
2, 3
List the prime factors of 8801.
13, 677
List the prime factors of 635.
5, 127
What are the prime factors of 464?
2, 29
List the prime factors of 99127.
7, 17
List the prime factors of 8078.
2, 7, 577
What are the prime factors of 96964?
2, 7, 3463
List the prime factors of 12515.
5, 2503
List the prime factors of 1000.
2, 5
What are the prime factors of 112135?
5, 41, 547
What are the prime factors of 60680?
2, 5, 37, 41
What are the prime factors of 75411?
3, 7, 19
List the prime factors of 19168.
2, 599
What are the prime factors of 81493?
227, 359
List the prime factors of 8026.
2, 4013
List the prime factors of 19743.
3, 6581
What are the prime factors of 6569?
6569
List the prime factors of 2378.
2, 29, 41
List the prime factors of 425.
5, 17
What are the prime factors of 644?
2, 7, 23
What are the prime factors of 3295?
5, 659
List the prime factors of 2580.
2, 3, 5, 43
What are the prime factors of 1559?
1559
List the prime factors of 79704.
2, 3, 41
What are the prime factors of 916?
2, 229
What are the prime factors of 736?
2, 23
What are the prime factors of 3459?
3, 1153
What are the prime factors of 17367?
3, 7, 827
List the prime factors of 38025.
3, 5, 13
List the prime factors of 4783.
4783
What are the prime factors of 8436?
2, 3, 19, 37
List the prime factors of 25337.
13, 1949
List the prime factors of 2515.
5, 503
List the prime factors of 2870.
2, 5, 7, 41
What are the prime factors of 21929?
21929
What are the prime factors of 126271?
126271
What are the prime factors of 8635?
5, 11, 157
List the prime factors of 1396.
2, 349
What are the prime factors of 27299?
27299
What are the prime factors of 3046?
2, 1523
What are the prime factors of 18922?
2, 9461
What are the prime factors of 9868?
2, 2467
What are the prime factors of 11991?
3, 7, 571
What are the prime factors of 6196?
2, 1549
List the prime factors of 74888.
2, 11, 23, 37
What are the prime factors of 29877?
3, 23, 433
List the prime factors of 1757.
7, 251
List the prime factors of 1129.
1129
List the prime factors of 2314.
2, 13, 89
List the prime factors of 11595.
3, 5, 773
What are the prime factors of 28170?
2, 3, 5, 313
What are the prime factors of 4206?
2, 3, 701
List the prime factors of 5564.
2, 13, 107
What are the prime factors of 2243?
2243
List the prime factors of 1047.
3, 349
List the prime factors of 24680.
2, 5, 617
List the prime factors of 31911.
3, 11, 967
List the prime factors of 5226.
2, 3, 13, 67
List the prime factors of 1545.
3, 5, 103
List the prime factors of 93950.
2, 5, 1879
List the prime factors of 55441.
55441
What are the prime factors of 9304?
2, 1163
What are the prime factors of 4840?
2, 5, 11
What are the prime factors of 16078?
2, 8039
List the prime factors of 23533.
101, 233
List the prime factors of 59584.
2, 7, 19
List the prime factors of 38774.
2, 19387
List the prime factors of 54755.
5, 47, 233
List the prime factors of 12969.
3, 11, 131
What are the prime factors of 1716?
2, 3, 11, 13
What are the prime factors of 43891?
43891
What are the prime factors of 323?
17, 19
List the prime factors of 3192.
2, 3, 7, 19
List the prime factors of 1760.
2, 5, 11
List the prime factors of 75362.
2, 7, 769
List the prime factors of 45687.
3, 97, 157
List the prime factors of 692.
2, 173
What are the prime factors of 164348?
2, 181, 227
List the prime factors of 167256.
2, 3, 23, 101
What are the prime factors of 642?
2, 3, 107
List the prime factors of 108.
2, 3
What are the prime factors of 14805?
3, 5, 7, 47
List the prime factors of 50385.
3, 5, 3359
List the prime factors of 18988.
2, 47, 101
List the prime factors of 90742.
2, 59, 769
What are the prime factors of 812?
2, 7, 29
What are the prime factors of 93876?
2, 3, 7823
List the prime factors of 78364.
2, 11, 13, 137
List the prime factors of 3437.
7, 491
What are the prime factors of 34026?
2, 3, 53, 107
List the prime factors of 66504.
2, 3, 17, 163
What are the prime factors of 5655?
3, 5, 13, 29
List the prime factors of 13950.
2, 3, 5, 31
What are the prime factors of 13866?
2, 3, 2311
List the prime factors of 2526.
2, 3, 421
What are the prime factors of 72135?
3, 5, 7, 229
What are the prime factors of 48364?
2, 107, 113
List the prime factors of 2425.
5, 97
What are the prime factors of 42149?
113, 373
List the prime factors of 98.
2, 7
What are the prime factors of 149187?
3, 223
What are the prime factors of 110991?
3, 36997
What are the prime factors of 46644?
2, 3, 13, 23
What are the prime factors of 522?
2, 3, 29
List the prime factors of 21546.
2, 3, 7, 19
What are the prime factors of 10292?
2, 31, 83
List the prime factors of 2779.
7, 397
List the prime factors of 646.
2, 17, 19
List the prime factors of 567.
3, 7
List the prime factors of 1478.
2, 739
List the prime factors of 63239.
11, 5749
What are the prime factors of 8301?
3, 2767
List the prime factors of 779.
19, 41
What are the prime factors of 23128?
2, 7, 59
What are the prime factors of 719?
719
What are the prime factors of 308?
2, 7, 11
What are the prime factors of 13831?
13831
List the prime factors of 2077.
31, 67
What are the prime factors of 444?
2, 3, 37
What are the prime factors of 1814?
2, 907
What are the prime factors of 2562?
2, 3, 7, 61
What are the prime factors of 45501?
3, 29, 523
List the prime factors of 11661.
3, 13, 23
What are the prime factors of 27090?
2, 3, 5, 7, 43
What are the prime factors of 156575?
5, 6263
List the prime factors of 53777.
53777
List the prime factors of 104446.
2, 52223
What are the prime factors of 55430?
2, 5, 23, 241
What are the prime factors of 9676?
2, 41, 59
What are the prime factors of 3021?
3, 19, 53
List the prime factors of 96989.
96989
What are the prime factors of 523?
523
What are the prime factors of 743?
743
What are the prime factors of 2626?
2, 13, 101
What are the prime factors of 9602?
2, 4801
What are the prime factors of 25337?
13, 1949
List the prime factors of 12591.
3, 1399
What are the prime factors of 3549?
3, 7, 13
What are the prime factors of 2122?
2, 1061
What are the prime factors of 3152?
2, 197
What are the prime factors of 47241?
3, 29, 181
List the prime factors of 16638.
2, 3, 47, 59
List the prime factors of 43730.
2, 5, 4373
What are the prime factors of 3006?
2, 3, 167
What are the prime factors of 49?
7
List the prime factors of 980.
2, 5, 7
List the prime factors of 451.
11, 41
What are the prime factors of 140918?
2, 70459
What are the prime factors of 47568?
2, 3, 991
List the prime factors of 1518.
2, 3, 11, 23
What are the prime factors of 954?
2, 3, 53
What are the prime factors of 18861?
3, 6287
What are the prime factors of 68184?
2, 3, 947
List the prime factors of 1317.
3, 439
List the prime factors of 2104.
2, 263
What are the prime factors of 91178?
2, 45589
What are the prime factors of 355?
5, 71
What are the prime factors of 34876?
2, 8719
What are the prime factors of 23092?
2, 23, 251
What are the prime factors of 443?
443
List the prime factors of 16628.
2, 4157
List the prime factors of 11485.
5, 2297
What are the prime factors of 23995?
5, 4799
List the prime factors of 15505.
5, 7, 443
List the prime